 = o - 17*o + 8672. What is the tens digit of o?
4
Let b(v) = 17*v**2 + 4*v + 37. What is the tens digit of b(14)?
2
Let r(h) = -7 + h + 3 - 5. Let l be r(8). Let d(c) = -30*c**3 - c. What is the tens digit of d(l)?
3
Let b(r) = r**3 + 4*r**2 - 3*r - 8. Let j be b(-4). Suppose z - 476 = -j*w, 5*z - 256 = -w - w. What is the tens digit of w?
1
Let b be (-2)/4*2 - -3. Suppose 3*r - b*k = 3*k + 117, -k = -3*r + 129. Let g = r + 14. What is the tens digit of g?
5
Let g(i) = 3548*i**2 - 4*i + 5. What is the thousands digit of g(1)?
3
Let g(w) = 5*w**2 - 41*w + 185. What is the units digit of g(26)?
9
Let n = -240 - -367. Let u = 178 - n. What is the units digit of u?
1
What is the hundreds digit of (-64)/(-160) + (-13066)/(-10)?
3
Let c be 227 - 6*2/4. Suppose 0*g + 3*g + 4*j = 326, -2*g = -4*j - c. What is the units digit of g?
0
Let i = 50 - 54. What is the hundreds digit of -3 + 6 + 129 + i?
1
Suppose -150*a = -160*a + 3200. What is the units digit of a?
0
What is the units digit of (-90)/18 + 12 + 1588/2?
1
Let n(t) = t**2 - 5*t + 2. Let f be n(5). Suppose -x - 13 = 3*y + 17, f*y - 15 = x. Let a = 38 + x. What is the tens digit of a?
1
Let p(u) = 62*u - 152. What is the tens digit of p(14)?
1
Suppose 16*l = g + 15*l - 168, -2*g + 333 = -3*l. What is the hundreds digit of g?
1
What is the hundreds digit of (-12)/16*(-3560)/15?
1
Let b(m) = 5*m**2 + 1. Suppose -6 = 2*s, -2*s + 9 = 3*r - 3*s. Suppose -r*l = -5*u + l + 2, 8 = 4*u + 4*l. What is the units digit of b(u)?
6
Let h(a) = -336*a**3 + 7*a**2 + 13*a + 6. What is the tens digit of h(-2)?
9
Suppose -8*p + 0*p = 0. Suppose -4*s + 56 + 192 = p. What is the units digit of s?
2
Let l be 2 + 1 - (5 + (1 - -1)). What is the units digit of ((-5)/l)/((-5)/(-820))?
5
Let v = 562 - 189. What is the hundreds digit of v?
3
Suppose a - 1491 = c + 97, 4*c - 20 = 0. What is the hundreds digit of a?
5
Suppose -2*d = 3*v - 122 - 150, 0 = 5*d - 4*v - 657. What is the units digit of (d/(-7))/(1 - 8/7)?
3
Let x = 110 - 152. What is the units digit of (-17824)/(-56) - -4*3/x?
8
Let z be 0 + 1 + (-52)/(-1). Suppose -4*g = 2*o + 8, -4*g = 3*o + g + 8. Suppose -5*j + v + 175 = 0, 3*v - z = -6*j + o*j. What is the units digit of j?
4
What is the units digit of 1072/12*(4 + 17)?
6
Suppose -4*u = -2*u - 136. Suppose y = -24 + u. What is the units digit of y?
4
Let i(o) = o - 7. Let k be i(9). Suppose -5*u + 107 = k*s, -5*s - 87 - 48 = -5*u. Let r = 29 - u. What is the units digit of r?
6
Let c(u) be the second derivative of u**4/12 + 5*u**3/2 - 25*u**2/2 - 9*u. What is the tens digit of c(-18)?
2
Let y(g) = g**3 + 5*g**2 - 2*g - 6. Let o be y(-5). Let x = o - 4. Suppose x*b = 2*b - 8, 0 = 5*m - 5*b - 130. What is the units digit of m?
0
Suppose 5*m = 6 + 19. Suppose 0 = 3*n + q - 2*q + m, n = q - 5. Suppose n = -5*c + 2*f + 179, 0*f - 4 = 2*f. What is the tens digit of c?
3
Suppose -4*b - 12 = -120. Suppose h - b = -9. Suppose 2*l = 3*m + h, -m - 1 = l - 5*m. What is the tens digit of l?
1
Suppose l - 852 = -3*o, -4*l - 41*o + 45*o + 3392 = 0. What is the hundreds digit of l?
8
Let g = -20 + 23. Suppose 0 = 8*m - g*m - 255. What is the tens digit of m?
5
Let q = -34 - -83. Suppose -5*o - 5 = 0, a = 3*o - 7*o - 38. Let f = q + a. What is the tens digit of f?
1
Let f be (-15 - -13)*(-137)/(-2). Let c = f + -3. What is the units digit of (c/16)/((-1)/4)?
5
Suppose 0 = 4*r - 4*f - 92, 2*f = -r - f + 11. Suppose n - 26 = -3*i, 0 = -2*n + 2*i - 0*i + r. Let u = 4 + n. What is the units digit of u?
8
Let b(c) = c**3 - 9*c**2 + 23*c + 35. What is the tens digit of b(14)?
3
Let s(d) = -2*d - 14. Let f be s(-2). What is the tens digit of (-94)/(-6)*(-4 - f)?
9
Suppose -15 = -5*b - p + 2*p, 4*p = -20. Let f be (0 - b) + -2 + 4. Suppose o + 11 - 25 = f. What is the units digit of o?
4
Let a(q) be the first derivative of 8*q**3/3 + q**2 + 15. Let s = 4 + -2. What is the units digit of a(s)?
6
Let p = 337 - 140. Let n = -98 + p. What is the tens digit of n?
9
Suppose 313 = -d - 2*s + 99, 4*d - 2*s = -876. Let i = d - -314. What is the tens digit of i?
9
Let v be 30/(-25)*10/(-4). Let f be (22/(-6))/((-1)/3). Suppose -f = -v*a + 2*a. What is the units digit of a?
1
Let x = -784 + 479. Let k(v) = 2*v + 3. Let u be k(-2). What is the units digit of u/4 - x/20?
5
Let p = 26 - -6. Let k be -3 + -4 + 10 + 0. Let h = p - k. What is the units digit of h?
9
Let s = -47 + 472. What is the hundreds digit of s?
4
Let d be (-1 + 6/9)*0. Let m be (3 - 0 - -20) + d. Suppose 126 = 2*s - 4*u, -3 + m = 4*u. What is the units digit of s?
3
Let g(w) = 277*w**2 - 84*w + 352. What is the units digit of g(4)?
8
Let z be (1 - 2)/((-3)/9). Suppose b = 3, z*i + 0*i - 4*b = 3. Suppose -i*n + 51 = -24. What is the units digit of n?
5
Let t be 75/(-30)*6/(-5) - -57. Let n = 13 + t. What is the units digit of n?
3
Let b(q) = 2*q**2 - 5. Let o be b(4). Suppose -3*d - o = 3*p, 2*p - 6*p - 33 = 3*d. What is the units digit of -10*(3/p + 0)?
5
Let v be -2 + (-80)/(-50)*5/2. What is the tens digit of ((-5)/(-2))/(v/44)?
5
Suppose -17578 = -30*q + 8*q. What is the units digit of q?
9
Suppose -4*z - 5 = -2*z + 3*p, -p - 1 = 0. Let j be (-9 - z)/(-1 - 1). Suppose -4*l = l - 5*s - 125, -j*l = -5*s - 98. What is the units digit of l?
7
Suppose 0 = -3*u - t - 146, u = t - 0*t - 54. Let s be ((-16)/10)/(4/u). Suppose 39 = 4*f - 5*i - 13, 3*i - s = -4*f. What is the units digit of f?
8
Suppose 2*h - 12 = -h. Suppose -5*j - 3*k = 2*k + 55, -h*j + 4*k = 44. Let c = j + 53. What is the units digit of c?
2
Suppose 78*o = 101*o - 31349. What is the tens digit of o?
6
Let w be 40 - -3 - (0 + 3). Let f be w/16 - (-3)/2. Suppose z = f*z - 147. What is the units digit of z?
9
Let m = 42 + -24. Let s = 44 + m. What is the units digit of s?
2
Let o be (-242)/6 - 20/(-15). Let m = 20 - o. What is the units digit of m?
9
Suppose -3*w + 583 + 41 = 0. Let y = 308 - w. What is the hundreds digit of y?
1
Suppose 4*x = 3*j - 3741, 2 = x + 5. What is the thousands digit of j?
1
Let k be ((-8)/(-12))/(2/36*3). Suppose n = -0*n + 20. Suppose k*m = -4*z + 60, 2*z = -5*m + 4 + n. What is the tens digit of z?
1
Let c = 19 - 25. Let i = c + 36. What is the units digit of i?
0
Let x be 34/10 + 18/30. Suppose 0*z = x*z + 116. Let v = -13 - z. What is the units digit of v?
6
Suppose 16*z + 3*z = 3040. What is the hundreds digit of z?
1
Let d be (18/36)/(174/(-88) + 2). Let q(a) = 3*a - 2. Let r be q(3). Let s = r + d. What is the tens digit of s?
2
What is the hundreds digit of ((-4)/(-9))/2 - (-322992)/162?
9
What is the tens digit of 13/(-8*6/(-11472))?
0
What is the hundreds digit of (-80)/(-15) + (-8)/(-12) + 779?
7
Let r = 96 + 1687. What is the units digit of r?
3
Let o be (647 - (-6 - -4))/(-1). Let d = -456 - o. What is the tens digit of d?
9
Let m(w) = 179*w + 24. Let v be m(3). Let g = v - 337. What is the hundreds digit of g?
2
Let x = 15 + -15. Suppose -5*j - 25 = x, 0*o + 5*j = -5*o - 35. What is the tens digit of (-91)/(-3) + o/6?
3
Let n = -51 - -29. Let y be ((-1)/(-2))/((-11)/n). What is the tens digit of (-256)/(-12) - y/3?
2
Let i(x) = x**2 + 14*x + 16. Let k be i(-13). Suppose -k*z + 14*z - 132 = 0. What is the tens digit of z?
1
Let r be (-10 - (0 + 0))*(-10)/5. Let y = -5 - -3. Let t = r + y. What is the units digit of t?
8
Suppose -23*s - 20*s + 47343 = 0. What is the thousands digit of s?
1
Suppose -5*p = 4*w - 89, 2*p - p - 49 = -2*w. Suppose 3*c + w = -103. Let s = c - -75. What is the tens digit of s?
3
Let b be (-2)/4*-50 + 1. Suppose 12 = 5*x - 3. Suppose n + b = x*n. What is the units digit of n?
3
Let s(u) = 9*u. Let i be s(12). What is the tens digit of (-6)/((i/(-160))/9)?
8
Let o = -27 - -47. Let c(i) = 8*i - 5. Let h be c(6). Let v = h - o. What is the units digit of v?
3
Let i(u) = -u**3 - 10*u**2 - 4*u - 14. Let v be i(-10). Let l = v + 11. What is the units digit of l?
7
Suppose -5183 = -20*t - 783. What is the units digit of t?
0
Suppose 10 = -2*z, 4*w + 3*z + 883 + 372 = 0. Let l = -181 - w. What is the tens digit of l?
2
Let k be (-685)/20 - (-3)/(-4). Let o = -33 - k. Suppose 0 = -o*p - p + 222. What is the tens digit of p?
7
Suppose 0*m - 5 = -5*m. Let s be (-1)/(m - 0) + 2. Suppose s - 16 = -x. What is the tens digit of x?
1
Let c(f) = -f**3 + f**2 - f +